6*d - 3. Is b(5) a prime number?
False
Suppose 7*p - 3*p - 88 = 0. Suppose 0 = 2*z - 120 + p. Is z prime?
False
Let u = 248 - 174. Is u composite?
True
Let o(t) = 429*t - 2. Suppose 0 = c - 1. Is o(c) prime?
False
Let x(n) = -2*n**3 - 10*n**2 + 12*n + 1. Is x(-9) prime?
True
Let q = 295 + -168. Is q composite?
False
Suppose -19*d = -18*d - 19. Is d a prime number?
True
Suppose 0 = 22*v - 24*v + 1418. Is v prime?
True
Let v = -3 - -7. Let h be v/(-14) - (-354)/14. Is 10/h + (-736)/(-10) prime?
False
Let y be (-2)/(-7) + 80/14. Suppose -y*f = -f - 50. Let o = -6 + f. Is o composite?
True
Let h(x) = -2*x**2 + 6*x - 8. Let j(w) = -w**2 + 7*w - 7. Let r(c) = 2*h(c) - 3*j(c). Is r(-7) a composite number?
False
Suppose -n + 18 = 3*n + 5*t, 4*t = 4*n. Suppose -725 = -n*v - 3*v. Is v a composite number?
True
Is 3/4 - (-170)/8 a prime number?
False
Suppose 4*d + 3*x = 1726, 2*d = -5*x - 258 + 1128. Suppose 0 = -5*q + r + 460, 6*r = -5*q + r + d. Is q prime?
False
Let u = -234 - -413. Let v = 87 - u. Let o = -61 - v. Is o a prime number?
True
Suppose y = -1, -4*y - 23 = 3*b - 1. Is 2/b - 448/(-3) a prime number?
True
Suppose -26*f + 21*f + 14055 = 0. Is f a composite number?
True
Let p(z) = -z**2 + 6*z - 6. Let x be p(6). Let s(u) = -u**3 - 6*u**2 - u - 2. Let c be s(x). Suppose -2*g + 2 = 0, 3*l - 20 = -c*g + 14. Is l a prime number?
False
Let k(r) = -7*r**3 + 9*r**2 + 4. Let f(w) = 15*w**3 - 18*w**2 - w - 9. Let j(b) = 6*f(b) + 13*k(b). Let p be 7 - 1/3*-3. Is j(p) a composite number?
True
Suppose 2 + 6 = 4*i. Suppose -138 - 300 = i*w. Let b = 310 + w. Is b composite?
True
Let o be 3 - 24/(-13) - 12/(-78). Let z(t) = -3*t**3 + 7*t**2 - t - 6. Let n(h) = -4*h**3 + 7*h**2 - 7. Let u(k) = -2*n(k) + 3*z(k). Is u(o) a composite number?
False
Suppose 19*s = 21*s - 102. Suppose -255 = -5*n + 3*i, -4*n + 3*i - s = -5*n. Is n composite?
True
Let w(m) be the second derivative of -m**5/20 + m**4/12 + m**3/6 + 89*m**2/2 + 3*m. Is w(0) a prime number?
True
Let d(f) = f**2 - 9*f - 5. Let p be d(10). Suppose 2*n = m + 3*m + 30, 5*m + 30 = p*n. Let l = m + 15. Is l a prime number?
False
Is 2/3*9603/6 a prime number?
False
Let a = -9 - -13. Let h(j) be the third derivative of j**6/120 + j**5/20 - 5*j**4/24 - j**3/2 - 2*j**2. Is h(a) composite?
False
Let a = -21 - -17. Is (a/6)/((-4)/2694) a prime number?
True
Suppose 0 = 15*u - 11*u - 524. Is u a composite number?
False
Let k be 4/(-26) - (-561)/13. Let p = k + 24. Is p a composite number?
False
Let j(y) = 213*y - 4. Is j(3) composite?
True
Is (-18108)/(-28) - 5/(70/(-4)) a composite number?
False
Suppose 2*d = -4*c + 254, 0*c - 4*c + 2*d = -266. Is c a prime number?
False
Suppose -211 = -h - 0*h. Is h composite?
False
Let z = 26 + -18. Suppose 1261 = 5*c - 3*g, -z = 3*g + g. Is c a prime number?
True
Let p = 341 - 202. Is p a prime number?
True
Suppose k = -s - 6, 0 = 2*k + 2*k. Let b be 3/s + 327/2. Suppose 4*r = b + 33. Is r a composite number?
True
Suppose -3*b + 4595 = -4*q, -7 - 9 = -4*q. Is b prime?
False
Let w be (-144)/15 - 4/10. Let b = 20 - w. Suppose -3*g + b = 2*g. Is g prime?
False
Let g = -169 + 564. Is g a prime number?
False
Let z(q) = -q**3 + 3*q**2 + 2*q - 3. Let h be z(3). Suppose -3*j + j - 303 = -5*l, h*l - 161 = -4*j. Is l a prime number?
True
Suppose -4*p = 478 - 1826. Is p composite?
False
Let g(c) = c**2 - 9. Is g(8) prime?
False
Is (-3 - 1) + 1664 + -3 prime?
True
Let m(j) = -14*j**3 + 9*j**2 - 2*j + 3. Let w(p) = -21*p**3 + 14*p**2 - 3*p + 5. Let v(l) = 8*m(l) - 5*w(l). Is v(-2) a composite number?
True
Let x(h) = h + 4. Let t be x(-5). Is 1*(t - 1) + 9 a composite number?
False
Let v(l) be the second derivative of l**4/12 - 7*l**3/6 - l**2/2 + 4*l. Is v(-6) a composite number?
True
Let x be -39 + 1 + 8/(-2). Is -1 - 3*x/9 composite?
False
Suppose 3*d = -5*n - 353, -2*d = -3*n - 116 - 92. Let a = -44 - n. Is a composite?
True
Let o(t) = 24*t**2 - 2*t - 7. Is o(-3) composite?
True
Let r = -523 + 3132. Is r a composite number?
False
Suppose 2*r + 15 = 7*r. Let d(h) = 6*h**3 - h**2 - 4*h + 4. Is d(r) a composite number?
True
Let d(k) = -4 - 8*k - 2 - 2*k + 20 - k**2. Is d(-11) a prime number?
True
Suppose 0 = -t + 3*t - 6. Let o(k) = -k**2. Let n be o(1). Is (70 + 4)/(t + n) a prime number?
True
Suppose 0 = -5*z - 3*p + 11974, 0*p = 4*z + p - 9575. Is z prime?
True
Suppose 0*d = 3*d - 15, 7283 = 4*r + 3*d. Is r a composite number?
True
Suppose 15 = t - 4*t - 3*q, 0 = t - 4*q - 10. Let m = t + 3. Is (9*m)/((-3)/(-3)) prime?
False
Is (-10 - -11) + (0 - -1) + 1149 composite?
False
Let m(a) = a**3 - 9*a**2 + 15*a - 14. Is m(9) a composite number?
True
Let k(s) = s**2 + 2*s - 5. Is k(-6) prime?
True
Let j(x) = x**3 - 12*x**2 + 11*x + 2. Let c be j(11). Let q = c - 0. Suppose -s + 345 = q*s. Is s a prime number?
False
Suppose 0 = -4*r + 3*x - x + 30, -3*r + 5*x = -26. Let v = 16 - r. Suppose 3*i = 4*i - v. Is i prime?
False
Let r = -4 - -3. Let n = r - -2. Is 2 + 17*(0 + n) composite?
False
Is 6/(-8) - 8870/(-40) a prime number?
False
Let g = -221 - -472. Is g prime?
True
Let s be 4/(-30) + 2882/15. Is s - (7 - 4 - 2) composite?
False
Let j = 111 - -368. Is j a composite number?
False
Let x be (6/15)/(1/(-140)). Let z = 80 - x. Suppose z = 3*v + v. Is v a composite number?
True
Suppose 0 = -4*m + 5*k - 4, -2*k + k = -5*m + 16. Let p be m/(-10) - 51/(-15). Suppose 5*q - 243 = 2*s, -3*q - p*s + 216 = 66. Is q prime?
False
Let q = 14 - 9. Suppose -q*g + 14 = 2*z, 0 = -3*g - 2*g - 3*z + 11. Suppose g*w - 2*f = 308, 2*f - 4 = f. Is w a composite number?
False
Let y(v) = v**2 - 2*v - 2. Is y(11) a composite number?
False
Suppose 0 = 2*o - 0*o - 2. Let q = -2 + o. Is q/2*(-1 + -253) a composite number?
False
Suppose -48 = -d + 566. Is d a composite number?
True
Suppose 0*o = -5*h - o + 1632, 4*h + o - 1305 = 0. Let p = h + -212. Suppose 2*j = a + p, -5*j + a + 270 = 2*a. Is j prime?
False
Let x = -1 + -6. Let t(n) = n**3 + 7*n**2 - 10*n + 1. Is t(x) composite?
False
Let n = 379 + -114. Is n a prime number?
False
Let y be ((-24)/42)/((-2)/21). Suppose 2*j - 56 = -y*j. Is j a composite number?
False
Suppose -2*y + 3*y - 54 = 0. Let p = y - 5. Is p a composite number?
True
Let y = -162 + 266. Suppose y - 10 = 2*v. Suppose 5*a - 116 = 3*p, -2*a - p + 6 = -v. Is a a prime number?
False
Suppose -n + 338 = -l, -n = 4*n + 4*l - 1663. Is n a composite number?
True
Let d = 31 + -5. Let c = d - 12. Is c prime?
False
Is 12 + -5 + 783 - (1 + 0) a composite number?
True
Let m be (84/10)/(3/10). Suppose 2*h - 10 = m. Is h a prime number?
True
Suppose 2 + 2 = 2*m. Let f = m - -9. Is f a prime number?
True
Let v = -725 + 1140. Suppose -429 = -5*h + 2*q, -7*h + 2*h + v = 5*q. Suppose 119 = 4*b - h. Is b composite?
True
Is 1 + -4 + 3566 + 0 a prime number?
False
Let l = -24 + 43. Suppose 3*p = 5*k - l, 9 + 3 = -4*p. Suppose -6*t = -k*t - 28. Is t prime?
True
Suppose 240 = -3*p - p. Suppose 5*n - o = -10, 0 = 2*n - 0*n + 4*o + 4. Is (-35)/n*p/(-50) a prime number?
False
Suppose 0 = -7*n + 11*n + 40. Is (-2)/(-4) - 3305/n prime?
True
Suppose -5*c = -c - 3156. Is c a composite number?
True
Let l = 29 - -6. Is l composite?
True
Suppose 5*i - 37 = 4*i. Is i composite?
False
Suppose 4 + 90 = 2*a. Is a a prime number?
True
Let r(g) = -36*g + 43. Is r(-6) composite?
True
Let r(p) = p**2 - 3 + 6*p**2 - 9*p - 6*p**2. Let s be r(11). Suppose -5*c = -2*j + s, -2*j - 2*c = 2*j - 2. Is j prime?
True
Let a = 239 - -26. Is a prime?
False
Is 33/55 + (-632)/(-5) a composite number?
False
Suppose -2*h = -5*h + 5847. Is h a prime number?
True
Let i = 4605 + -2244. Is i a prime number?
False
Let d = -478 - -689. Is d prime?
True
Suppose 303 = 2*n - 3*i, 348 = -5*n + 3*i + 1083. Suppose -6*v = 4*l - 4*v + n, -2*v - 178 = 5*l. Let b = l + 111. Is b a composite number?
True
Let o(b) = -b**3 + 13*b**2 - 24*b - 5. Is o(10) a prime number?
False
Suppose 314 = o + 21. Is o a composite number?
False
Suppose -4*s + 3*s = 4, 3257 = 5*n - 3*s. Is n a composite number?
True
Let u = 1600 + -629. Is u a prime number?
True
Let r(u) = 3*u**2 - 6*u - 2. Suppose -p = -i - 6, p = 6*p + i. Let f(j) = -6*j**3 - j**2 + 2*j - 1. Let x be f(p). Is r(x) a composite number?
True
Suppose 0*m - m + 5357 = 0. Is m composite?
True
Let d(t) = 271*t**2 + 2*t. Let n be d(-3